{"id":50,"date":"2018-11-30T17:24:08","date_gmt":"2018-11-30T16:24:08","guid":{"rendered":"http:\/\/s4bikes.pl\/?page_id=50"},"modified":"2026-03-30T10:11:31","modified_gmt":"2026-03-30T08:11:31","slug":"kontakt","status":"publish","type":"page","link":"https:\/\/s4bikes.pl\/index.php\/kontakt\/","title":{"rendered":"INFO"},"content":{"rendered":"<p style=\"text-align: center;\"><strong>Godziny otwarcia<\/strong>:<\/p>\n<p style=\"text-align: center;\">Poniedzia\u0142ek \u2013 Pi\u0105tek:<\/p>\n<p style=\"text-align: center;\">12:00 \u2013 18:00<\/p>\n<p style=\"text-align: center;\">Prosimy o kontakt telefoniczny w celu um\u00f3wienia serwisu aby usprawni\u0107 ca\u0142y proces.<\/p>\n<p style=\"text-align: center;\">Aktualny czas wykonania wi\u0119kszo\u015bci us\u0142ug bez wcze\u015bniejszego umawiania si\u0119 to oko\u0142o 7 dni roboczych.<\/p>\n<p style=\"text-align: center;\">Przyjmujemy p\u0142atno\u015bci got\u00f3wk\u0105, kartami p\u0142atniczymi oraz blikiem.<\/p>\n<p style=\"text-align: center;\"><strong>Kontakt:<\/strong><\/p>\n<p style=\"text-align: center;\">tel. 530 908 893<br \/>\ne-mail: s4bikes@gmail.com<br \/>\nul. Chrzanowskiego 56<br \/>\n51-141 Wroc\u0142aw<\/p>\n<p>Mapa dojazdu:<\/p>\n<p><iframe loading=\"lazy\" style=\"border: 0;\" src=\"https:\/\/www.google.com\/maps\/embed?pb=!1m18!1m12!1m3!1d1251.577528360207!2d17.04689746652015!3d51.142491698350376!2m3!1f0!2f0!3f0!3m2!1i1024!2i768!4f13.1!3m3!1m2!1s0x470fe9980851ac45%3A0xbbbc8ab719c08d9f!2sIgnacego+Chrzanowskiego+56%2C+51-147+Wroc%C5%82aw!5e0!3m2!1spl!2spl!4v1550478146718\" width=\"600\" height=\"450\" frameborder=\"0\" allowfullscreen=\"allowfullscreen\"><\/iframe><\/p>\n","protected":false},"excerpt":{"rendered":"<p>Godziny otwarcia: Poniedzia\u0142ek \u2013 Pi\u0105tek: 12:00 \u2013 18:00 Prosimy o kontakt telefoniczny w celu um\u00f3wienia serwisu aby usprawni\u0107 ca\u0142y proces. Aktualny czas wykonania wi\u0119kszo\u015bci us\u0142ug [&hellip;] <span class=\"read-more-link\"><a class=\"read-more\" href=\"https:\/\/s4bikes.pl\/index.php\/kontakt\/\">Read More<\/a><\/span><\/p>\n","protected":false},"author":1,"featured_media":0,"parent":0,"menu_order":0,"comment_status":"closed","ping_status":"closed","template":"","meta":[],"_links":{"self":[{"href":"https:\/\/s4bikes.pl\/index.php\/wp-json\/wp\/v2\/pages\/50"}],"collection":[{"href":"https:\/\/s4bikes.pl\/index.php\/wp-json\/wp\/v2\/pages"}],"about":[{"href":"https:\/\/s4bikes.pl\/index.php\/wp-json\/wp\/v2\/types\/page"}],"author":[{"embeddable":true,"href":"https:\/\/s4bikes.pl\/index.php\/wp-json\/wp\/v2\/users\/1"}],"replies":[{"embeddable":true,"href":"https:\/\/s4bikes.pl\/index.php\/wp-json\/wp\/v2\/comments?post=50"}],"version-history":[{"count":18,"href":"https:\/\/s4bikes.pl\/index.php\/wp-json\/wp\/v2\/pages\/50\/revisions"}],"predecessor-version":[{"id":237,"href":"https:\/\/s4bikes.pl\/index.php\/wp-json\/wp\/v2\/pages\/50\/revisions\/237"}],"wp:attachment":[{"href":"https:\/\/s4bikes.pl\/index.php\/wp-json\/wp\/v2\/media?parent=50"}],"curies":[{"name":"wp","href":"https:\/\/api.w.org\/{rel}","templated":true}]}}